{"id":3367,"date":"2025-10-27T13:07:28","date_gmt":"2025-10-27T16:07:28","guid":{"rendered":"https:\/\/lojaschristofer.com.br\/?post_type=product&#038;p=3367"},"modified":"2025-10-30T10:12:45","modified_gmt":"2025-10-30T13:12:45","slug":"kefir-de-leite","status":"publish","type":"product","link":"https:\/\/lojaschristofer.com.br\/?product=kefir-de-leite","title":{"rendered":"Gr\u00e3os Kefir de Leite"},"content":{"rendered":"<p data-start=\"246\" data-end=\"288\">Mais que um alimento, um estilo de vida.<\/p>\n<p data-start=\"290\" data-end=\"542\">Descubra o poder do <strong data-start=\"310\" data-end=\"328\">Kefir de Leite<\/strong>, um probi\u00f3tico natural que fortalece o corpo de dentro para fora. Rico em bact\u00e9rias ben\u00e9ficas e leveduras vivas, ele auxilia na <strong data-start=\"457\" data-end=\"477\">sa\u00fade intestinal<\/strong>, melhora a <strong data-start=\"489\" data-end=\"501\">digest\u00e3o<\/strong> e fortalece o <strong data-start=\"516\" data-end=\"539\">sistema imunol\u00f3gico<\/strong>.<\/p>\n<p data-start=\"544\" data-end=\"783\">Produzido de forma artesanal, com gr\u00e3os vivos e leite fresco, nosso kefir mant\u00e9m todas as propriedades originais \u2014 <strong data-start=\"659\" data-end=\"708\">sem aditivos, sem conservantes e 100% natural<\/strong>.<br data-start=\"709\" data-end=\"712\" \/>Ideal para quem busca equil\u00edbrio, energia e bem-estar em cada colher.<\/p>\n<p data-start=\"785\" data-end=\"816\">\ud83c\udf3f <strong data-start=\"788\" data-end=\"814\">Benef\u00edcios principais:<\/strong><\/p>\n<ul data-start=\"817\" data-end=\"985\">\n<li data-start=\"817\" data-end=\"848\">\n<p data-start=\"819\" data-end=\"848\">Melhora da flora intestinal<\/p>\n<\/li>\n<li data-start=\"849\" data-end=\"880\">\n<p data-start=\"851\" data-end=\"880\">Fortalecimento da imunidade<\/p>\n<\/li>\n<li data-start=\"881\" data-end=\"907\">\n<p data-start=\"883\" data-end=\"907\">Redu\u00e7\u00e3o de inflama\u00e7\u00f5es<\/p>\n<\/li>\n<li data-start=\"908\" data-end=\"945\">\n<p data-start=\"910\" data-end=\"945\">Aumento da absor\u00e7\u00e3o de nutrientes<\/p>\n<\/li>\n<li data-start=\"946\" data-end=\"985\">\n<p data-start=\"948\" data-end=\"985\">Fonte natural de c\u00e1lcio e prote\u00ednas<\/p>\n<\/li>\n<\/ul>\n<p data-start=\"987\" data-end=\"1087\">\ud83d\udc9a <strong data-start=\"990\" data-end=\"1010\">Modo de consumo:<\/strong><br data-start=\"1010\" data-end=\"1013\" \/>Consuma puro, com frutas, mel, ou adicione a vitaminas e receitas leves.<\/p>\n","protected":false},"excerpt":{"rendered":"<p>Mais que um alimento, um estilo de vida. Descubra o poder do Kefir de Leite, um probi\u00f3tico natural que fortalece o corpo de dentro para fora. Rico em bact\u00e9rias ben\u00e9ficas e leveduras vivas, ele auxilia na sa\u00fade intestinal, melhora a digest\u00e3o e fortalece o sistema imunol\u00f3gico. Produzido de forma artesanal, com gr\u00e3os vivos e leite [&hellip;]<\/p>\n","protected":false},"featured_media":3805,"comment_status":"open","ping_status":"closed","template":"","meta":[],"product_brand":[],"product_cat":[19],"product_tag":[],"class_list":{"0":"post-3367","1":"product","2":"type-product","3":"status-publish","4":"has-post-thumbnail","6":"product_cat-kefir-de-leite","8":"first","9":"instock","10":"sale","11":"taxable","12":"shipping-taxable","13":"purchasable","14":"product-type-simple"},"_links":{"self":[{"href":"https:\/\/lojaschristofer.com.br\/index.php?rest_route=\/wp\/v2\/product\/3367","targetHints":{"allow":["GET"]}}],"collection":[{"href":"https:\/\/lojaschristofer.com.br\/index.php?rest_route=\/wp\/v2\/product"}],"about":[{"href":"https:\/\/lojaschristofer.com.br\/index.php?rest_route=\/wp\/v2\/types\/product"}],"replies":[{"embeddable":true,"href":"https:\/\/lojaschristofer.com.br\/index.php?rest_route=%2Fwp%2Fv2%2Fcomments&post=3367"}],"wp:featuredmedia":[{"embeddable":true,"href":"https:\/\/lojaschristofer.com.br\/index.php?rest_route=\/wp\/v2\/media\/3805"}],"wp:attachment":[{"href":"https:\/\/lojaschristofer.com.br\/index.php?rest_route=%2Fwp%2Fv2%2Fmedia&parent=3367"}],"wp:term":[{"taxonomy":"product_brand","embeddable":true,"href":"https:\/\/lojaschristofer.com.br\/index.php?rest_route=%2Fwp%2Fv2%2Fproduct_brand&post=3367"},{"taxonomy":"product_cat","embeddable":true,"href":"https:\/\/lojaschristofer.com.br\/index.php?rest_route=%2Fwp%2Fv2%2Fproduct_cat&post=3367"},{"taxonomy":"product_tag","embeddable":true,"href":"https:\/\/lojaschristofer.com.br\/index.php?rest_route=%2Fwp%2Fv2%2Fproduct_tag&post=3367"}],"curies":[{"name":"wp","href":"https:\/\/api.w.org\/{rel}","templated":true}]}}